se 16) in base 10?
110
0 (base 6) to base 13
0
Convert -10 (base 2) to base 14.
-2
What is -51 (base 6) in base 10?
-31
What is -5 (base 15) in base 4?
-11
Convert 1 (base 3) to base 14.
1
What is 61 (base 10) in base 15?
41
-2 (base 6) to base 7
-2
Convert -d (base 15) to base 2.
-1101
-40 (base 5) to base 6
-32
-2021 (base 5) to base 3
-100200
-75 (base 15) to base 13
-86
What is -12 (base 16) in base 8?
-22
Convert 0 (base 3) to base 15.
0
-8 (base 12) to base 9
-8
Convert 10 (base 2) to base 15.
2
-52 (base 12) to base 4
-332
Convert 8 (base 14) to base 4.
20
-11 (base 16) to base 14
-13
Convert 200 (base 4) to base 6.
52
17 (base 13) to base 16
14
-1 (base 11) to base 8
-1
What is -1 (base 14) in base 5?
-1
-10101 (base 2) to base 6
-33
What is -6 (base 12) in base 9?
-6
What is -13 (base 15) in base 8?
-22
Convert -11 (base 6) to base 3.
-21
What is -20 (base 3) in base 6?
-10
Convert 2 (base 6) to base 5.
2
What is 4 (base 5) in base 7?
4
What is 3210 (base 4) in base 2?
11100100
What is -5 (base 9) in base 4?
-11
-a (base 14) to base 7
-13
Convert -3 (base 14) to base 13.
-3
What is -10 (base 11) in base 4?
-23
What is -55 (base 16) in base 4?
-1111
Convert -1061 (base 7) to base 15.
-1ab
What is -1001 (base 2) in base 6?
-13
b (base 13) to base 3
102
Convert 14 (base 9) to base 16.
d
Convert 0 (base 14) to base 5.
0
What is 75 (base 11) in base 4?
1102
Convert -1313 (base 5) to base 8.
-320
Convert 5 (base 11) to base 9.
5
Convert b (base 16) to base 3.
102
What is 57 (base 8) in base 13?
38
What is 34 (base 6) in base 11?
20
What is -3323 (base 4) in base 10?
-251
Convert -d (base 16) to base 4.
-31
40 (base 7) to base 2
11100
Convert 12201 (base 3) to base 9.
181
Convert -1011101 (base 2) to base 12.
-79
What is -164 (base 11) in base 6?
-515
Convert 174 (base 9) to base 10.
148
-101 (base 8) to base 3
-2102
11 (base 2) to base 8
3
What is 1d (base 14) in base 15?
1c
Convert 1 (base 7) to base 14.
1
-11 (base 6) to base 16
-7
Convert 64 (base 14) to base 4.
1120
What is 11 (base 13) in base 6?
22
-100 (base 2) to base 15
-4
What is -10 (base 16) in base 13?
-13
What is -20200 (base 3) in base 15?
-c0
Convert -14 (base 12) to base 13.
-13
What is -8 (base 12) in base 16?
-8
What is -91 (base 13) in base 7?
-226
Convert 5 (base 12) to base 7.
5
What is -112 (base 4) in base 16?
-16
What is 120 (base 3) in base 9?
16
1 (base 15) to base 3
1
Convert -101111 (base 2) to base 11.
-43
74 (base 13) to base 8
137
Convert -324 (base 6) to base 7.
-235
-16 (base 11) to base 8
-21
-5 (base 13) to base 3
-12
-334 (base 11) to base 14
-208
Convert -a (base 15) to base 7.
-13
What is -232 (base 5) in base 11?
-61
11 (base 16) to base 6
25
What is 3 (base 13) in base 9?
3
Convert -1 (base 2) to base 5.
-1
What is 9 (base 13) in base 4?
21
-1 (base 15) to base 5
-1
10 (base 11) to base 12
b
What is -8 (base 9) in base 2?
-1000
10 (base 6) to base 12
6
What is 3 (base 5) in base 3?
10
What is -31 (base 15) in base 5?
-141
What is -130 (base 4) in base 10?
-28
Convert -4 (base 8) to base 5.
-4
Convert 1033 (base 4) to base 14.
59
Convert 1 (base 8) to base 11.
1
1 (base 7) to base 11
1
What is -de (base 15) in base 16?
-d1
142 (base 8) to base 15
68
What is 242 (base 8) in base 13?
c6
Convert -1a (base 15) to base 3.
-221
-4 (base 13) to base 5
-4
-5c (base 15) to base 6
-223
30 (base 4) to base 2
1100
What is 5 (base 15) in base 12?
5
What is -ab (base 15) in base 10?
-161
Convert 337 (base 8) to base 9.
267
-1011 (base 2) to base 10
-11
Convert -3 (base 11) to base 9.
-3
Convert -47 (base 10) to base 11.
-43
Convert 4 (base 10) to base 9.
4
What is 25 (base 14) in base 2?
100001
2 (base 15) to base 5
2
Convert 1 (base 8) to base 5.
1
What is -15 (base 8) in base 4?
-31
What is 5 (base 6) in base 16?
5
Convert 100211 (base 3) to base 5.
2030
Convert 13 (base 5) to base 13.
8
Convert 4 (base 12) to base 8.
4
-1 (base 16) to base 3
-1
What is 56 (base 9) in base 2?
110011
Convert 0 (base 15) to base 10.
0
Convert 1 (base 16) to base 15.
1
Convert -1001 (base 2) to base 11.
-9
What is 13 (base 15) in base 8?
22
Convert 4 (base 13) to base 10.
4
Convert -76 (base 10) to base 14.
-56
Convert -1 (base 2) to base 12.
-1
What is dc (base 16) in base 7?
433
What is 79 (base 10) in base 7?
142
Convert -32 (base 8) to base 12.
-22
Convert 3233 (base 4) to base 13.
155
What is -3 (base 11) in base 4?
-3
1c3 (base 13) to base 5
2303
What is 25 (base 13) in base 10?
31
12 (base 11) to base 10
13
What is -10 (base 2) in base 9?
-2
Convert 11 (base 12) to base 15.
d
24 (base 13) to base 6
50
What is -5a (base 12) in base 5?
-240
-55 (base 6) to base 9
-38
11 (base 15) to base 6
24
Convert -2 (base 14) to base 6.
-2
Convert 11101 (base 2) to base 10.
29
-33 (base 9) to base 10
-30
-6 (base 7) to base 9
-6
What is 32 (base 12) in base 9?
42
Convert 12 (base 4) to base 13.
6
Convert 5 (base 14) to base 3.
12
Convert -101 (base 5) to base 16.
-1a
What is -100011 (base 2) in base 8?
-43
Convert -113 (base 7) to base 11.
-54
9 (base 10) to base 12
9
20 (base 8) to base 12
14
What is -69 (base 16) in base 13?
-81
-139 (base 11) to base 2
-10100011
299 (base 11) to base 12
252
What is -4 (base 11) in base 15?
-4
-18 (base 14) to base 9
-24
-1010 (base 3) to base 16
-1e
What is -77 (base 8) in base 16?
-3f
What is -b (base 14) in base 6?
-15
100 (base 2) to base 10
4
What is -43 (base 6) in base 4?
-123
16 (base 12) to base 9
20
What is 24 (base 5) in base 2?
1110
What is -4 (base 11) in base 12?
-4
What is 22 (base 3) in base 4?
20
Convert 51 (base 7) to base 6.
100
Convert -3112 (base 4) to base 14.
-114
-8 (base 13) to base 6
-12
0 (base 10) to base 4
0
Convert 2 (base 16) to base 10.
2
What is -12 (base 9) in base 4?
-23
What is -198 (base 10) in base 14?
-102
-41 (base 14) to base 2
-111001
Convert -1 (base 14) to base 8.
-1
Convert -23 (base 6) to base 12.
-13
What is 54 (base 7) in base 3?
1110
What is -2 (base 16) in base 11?
-2
What is -10 (base 2) in base 10?
-2
a (base 13) to base 7
13
What is -16 (base 7) in base 16?
-d
What is 4 (base 13) in base 14?
4
-1 (base 12) to base 2
-1
What is -111 (base 5) in base 7?
-43
Convert -1f (base 16) to base 14.
-23
What is 2 (base 12) in base 14?
2
What is -42 (base 5) in base 8?
-26
-23 (base 6) to base 16
-f
Convert 13 (base 12) to base 9.
16
What is 0 (base 5) in base 13?
0
What is -28 (base 10) in base 15?
-1d
Convert -10010 (base 3) to base 14.
-60
What is -1 (base 11) in base 7?
-1
What is 14 (base 16) in base 10?
20
Convert -4 (base 13) to base 15.
-4
Convert 2 (base 3) to base 7.
2
66 (base 8) to base 9
60
Convert -4 (base 16) to base 3.
-11
Convert -11 (base 12) to base 15.
-d
Convert 2 (base 13) to base 5.
2
e (base 16) to base 3
112
10 (base 6) to base 5
11
Convert -212 (base 4) to base 3.
-1102
Convert -12 (base 10) to base 4.
-30
Convert 1 (base 16) to base 3.
1
3 (base 11) to base 6
3
Convert 0 (base 15) to base 14.
0
What is -60 (base 8) in base 5?
-143
7 (base 15) to base 4
13
-10 (base 10) to base 13
-a
Convert c (base 15) to base 11.
11
2 (base 16) to base 12
2
Convert -25 (base 6) to base 11.
-16
7 (base 8) to base 7
10
What is 3 (base 15) in base 2?
11
0 (base 13) to base 11
0
What is 14 (base 13) in base 11?
16
What is 19 (base 12) in base 4?
111
Convert -19 (base 11) to base 8.
-24
What is 120 (base 3) in base 12?
13
Convert -48 (base 16) to base 10.
-72
Convert 1 (base 13) to base 15.
1
23 (base 11) to base 6
41
What is -120 (base 4) in base 3?
-220
Convert -111 (base 3) to base 12.
-11
What is -11000 (base 2) in base 9?
-26
Convert 127 (base 9) to base 13.
82
Convert 44 (base 8) to base 3.
1100
-4 (base 6) to base 3
-11
Convert -1 (base 10) to base 11.
-1
Convert 1 (base 15) to base 3.
1
What is -21 (base 11) in base 15?
-18
Convert 37 (base 15) to base 12.
44
What is -32 (base 10) in base 15?
-22
Convert 22 (base 5) to base 3.
110
Convert -313 (base 4) to base 8.
-67
11 (base 2) to base 15
3
What is -1 (base 8) in base 14?
-1
Convert -9 (base 16) to base 9.
-10
What is 6 (base 10) in base 3?
20
What is -10 (base 9) in base 4?
-21
What is -113 (base 9) in base 11?
-85
What is -2 (base 5) in base 16?
-2
What is -10 (base 3) in base 16?
-3
1d (base 15) to base 8
34
Convert 3 (base 14) to base 2.
11
